of 5333636614.
2, 31, 109, 773, 1021
What are the prime factors of 3714117469?
587, 6327287
What are the prime factors of 753559708?
2, 11, 17126357
List the prime factors of 5258310447.
3, 13, 10371421
List the prime factors of 24830136.
2, 3, 344863
What are the prime factors of 680069350?
2, 5, 367, 37061
What are the prime factors of 2746909012?
2, 9689, 70877
What are the prime factors of 802956475?
5, 67, 479377
List the prime factors of 881075044.
2, 12941, 17021
List the prime factors of 832589168.
2, 67, 71, 10939
What are the prime factors of 297953650?
2, 5, 5959073
List the prime factors of 3372336094.
2, 521, 3236407
What are the prime factors of 511050552?
2, 3, 47, 137, 3307
What are the prime factors of 621399785?
5, 2621, 47417
What are the prime factors of 4001298628?
2, 1031, 970247
What are the prime factors of 4523209075?
5, 7, 11, 2349719
What are the prime factors of 2806843696?
2, 175427731
List the prime factors of 354437187.
3, 13, 1039, 8747
What are the prime factors of 4142526105?
3, 5, 37, 241, 30971
List the prime factors of 50233073.
11, 43, 61, 1741
List the prime factors of 79155982.
2, 39577991
What are the prime factors of 3050207008?
2, 23, 29, 142907
What are the prime factors of 549238538?
2, 274619269
What are the prime factors of 1517534283?
3, 89, 739, 7691
List the prime factors of 161193024.
2, 3, 93283
What are the prime factors of 39077171?
7, 5582453
What are the prime factors of 6724857916?
2, 7, 337, 712681
What are the prime factors of 5257897268?
2, 13, 101113409
What are the prime factors of 4171954483?
47, 88764989
List the prime factors of 185027960.
2, 5, 13, 101, 271
What are the prime factors of 2846922555?
3, 5, 189794837
What are the prime factors of 4222269236?
2, 463, 2279843
List the prime factors of 289452237.
3, 643, 150053
List the prime factors of 308202010.
2, 5, 17, 67, 27059
List the prime factors of 48596745.
3, 5, 3239783
List the prime factors of 3125615408.
2, 79, 2472797
List the prime factors of 82421092.
2, 13, 1585021
What are the prime factors of 101777145?
3, 5, 631, 10753
List the prime factors of 8571236187.
3, 2857078729
What are the prime factors of 2243476633?
2243476633
What are the prime factors of 331368334?
2, 11, 15062197
List the prime factors of 709155616.
2, 13, 37, 46073
What are the prime factors of 1279689525?
3, 5, 23, 29, 8527
What are the prime factors of 272004068?
2, 7, 43, 263, 859
What are the prime factors of 8234629?
13, 43, 14731
List the prime factors of 117931919.
7, 277, 60821
List the prime factors of 15504141.
3, 5168047
What are the prime factors of 158408401?
283, 559747
List the prime factors of 189962161.
7243, 26227
What are the prime factors of 111728015?
5, 7, 631, 5059
List the prime factors of 7162025107.
29, 8609, 28687
What are the prime factors of 116009955?
3, 5, 17, 50549
List the prime factors of 121297989.
3, 2371, 17053
List the prime factors of 1429153192.
2, 3299, 54151
What are the prime factors of 6268447?
193, 32479
List the prime factors of 27059127.
3, 9019709
What are the prime factors of 71489034?
2, 3, 1323871
What are the prime factors of 10958432?
2, 342451
List the prime factors of 886099705.
5, 479, 369979
What are the prime factors of 522586863?
3, 317, 61057
List the prime factors of 1301557195.
5, 1831, 142169
List the prime factors of 58139806.
2, 353, 82351
List the prime factors of 1420010740.
2, 5, 71000537
List the prime factors of 1027005268.
2, 256751317
What are the prime factors of 816507906?
2, 3, 136084651
List the prime factors of 3721833079.
9419, 395141
What are the prime factors of 2447670122?
2, 29, 3049, 13841
What are the prime factors of 635329177?
7, 1019, 89069
List the prime factors of 749737372.
2, 113, 1658711
What are the prime factors of 15381189?
3, 101, 16921
What are the prime factors of 1146971310?
2, 3, 5, 41, 932497
List the prime factors of 364882133.
7, 11, 43, 193, 571
What are the prime factors of 91489580?
2, 5, 7, 13, 17, 2957
List the prime factors of 53815563.
3, 283, 7043
List the prime factors of 59931115.
5, 257, 46639
What are the prime factors of 1151175650?
2, 5, 23023513
What are the prime factors of 240440198?
2, 120220099
What are the prime factors of 641306318?
2, 2617, 122527
What are the prime factors of 7202422479?
3, 7, 31, 37, 299017
List the prime factors of 438602026.
2, 47, 4665979
List the prime factors of 79777010.
2, 5, 19, 643, 653
List the prime factors of 75708241.
7, 29, 149, 2503
What are the prime factors of 38496305?
5, 79, 97459
List the prime factors of 1531350378.
2, 3, 17, 79, 63347
What are the prime factors of 179549189?
17, 2357, 4481
What are the prime factors of 122038304?
2, 41, 191, 487
List the prime factors of 36842024.
2, 2081, 2213
What are the prime factors of 31555666?
2, 61, 71, 3643
List the prime factors of 149111765.
5, 11, 29, 93487
List the prime factors of 31337632.
2, 29, 33769
List the prime factors of 13019904.
2, 3, 5651
What are the prime factors of 2772807432?
2, 3, 115533643
What are the prime factors of 48199360?
2, 5, 11, 13693
What are the prime factors of 4135337?
269, 15373
List the prime factors of 6834569596.
2, 83, 601, 34253
What are the prime factors of 31108468?
2, 1511, 5147
List the prime factors of 4292884549.
151, 28429699
List the prime factors of 21863459.
359, 60901
List the prime factors of 411151521.
3, 11, 1427, 8731
What are the prime factors of 130872210?
2, 3, 5, 7, 73, 8537
What are the prime factors of 67125644?
2, 2777, 6043
What are the prime factors of 6271729586?
2, 8563, 366211
List the prime factors of 36522771.
3, 12174257
What are the prime factors of 152399803?
47, 3242549
List the prime factors of 67288449.
3, 113, 198491
List the prime factors of 24189001.
61, 396541
What are the prime factors of 16265567?
43, 378269
What are the prime factors of 525423694?
2, 443, 593029
What are the prime factors of 60321855?
3, 5, 11, 365587
What are the prime factors of 57110812?
2, 11, 1297973
List the prime factors of 51501442.
2, 103, 250007
List the prime factors of 3539531919.
3, 7, 11, 31, 281, 1759
List the prime factors of 185895108.
2, 3, 7, 23, 10691
What are the prime factors of 114160823?
7, 109, 157, 953
List the prime factors of 22886257.
3881, 5897
What are the prime factors of 601054450?
2, 5, 53, 226813
List the prime factors of 44097001.
13, 311, 839
List the prime factors of 178793029.
17, 47, 13163
What are the prime factors of 1676153275?
5, 67046131
What are the prime factors of 408224663?
7, 11, 37, 143287
What are the prime factors of 631193776?
2, 457, 86323
What are the prime factors of 170967853?
7, 67, 364537
What are the prime factors of 1177472071?
17, 41, 1689343
What are the prime factors of 266537175?
3, 5, 541, 6569
List the prime factors of 2961368833.
1171, 2528923
List the prime factors of 218126450.
2, 5, 367, 11887
List the prime factors of 4498867838.
2, 3559, 632041
What are the prime factors of 1720553208?
2, 3, 11, 19, 31183
What are the prime factors of 1922433027?
3, 73, 211, 41603
What are the prime factors of 6022053998?
2, 3011026999
List the prime factors of 525695523.
3, 83, 193, 10939
What are the prime factors of 668244088?
2, 83530511
What are the prime factors of 141697281?
3, 11, 251, 17107
List the prime factors of 4277253.
3, 43, 71, 467
List the prime factors of 131803388.
2, 32950847
What are the prime factors of 236734943?
41, 5774023
List the prime factors of 71821199.
71821199
What are the prime factors of 41863074?
2, 3, 11, 67, 9467
What are the prime factors of 884623919?
1933, 457643
What are the prime factors of 1489183301?
31, 61, 277, 2843
List the prime factors of 539825611.
13, 41525047
List the prime factors of 60250846.
2, 23, 1309801
What are the prime factors of 534941055?
3, 5, 11, 751, 1439
What are the prime factors of 678677655?
3, 5, 17, 2661481
List the prime factors of 2808275030.
2, 5, 11, 29, 880337
List the prime factors of 175153134.
2, 3, 13, 19, 73, 1619
List the prime factors of 270454708.
2, 67613677
What are the prime factors of 38108860?
2, 5, 1905443
What are the prime factors of 268428976?
2, 929, 18059
List the prime factors of 2146581987.
3, 11, 101, 58549
List the prime factors of 